(-8) is divided by 28.
27
Let d = 20 + 27. What is the remainder when d is divided by 12?
11
Calculate the remainder when 20 is divided by 2/5 + (-371)/(-35).
9
Let b(g) be the third derivative of g**6/20 + g**5/30 - g**4/12 + g**3/6 - 4*g**2. Calculate the remainder when 26 is divided by b(1).
5
Suppose s = 6 - 3. Suppose -3*n + n - s*k + 15 = 0, n - 25 = -5*k. Suppose i + n*i = 50. What is the remainder when i is divided by 17?
16
Let q be 43/4 + 2/8. Let y = q - 16. What is the remainder when 10 is divided by 5*y/(75/(-18))?
4
Let h be (-12)/5*85/(-2). Suppose -t = 5*c - 38 - 217, -2*c = 2*t - h. What is the remainder when c is divided by 13?
12
Let v(y) = y**2 - 2*y - 2. Suppose -2 = -2*c + 4. Let z be v(c). Let j = z - -14. What is the remainder when 28 is divided by j?
13
Suppose -21 = 18*i - 25*i. Calculate the remainder when 21 is divided by i.
0
Let u = -49 + 51. Suppose 2*f = -x + 1, 2*x + 2*f = -3 + 9. What is the remainder when x is divided by u?
1
Let g(z) = -z**2 + 7*z + 5. Let t be g(7). Let f(i) = i**2 - 2*i - 7. Calculate the remainder when 15 is divided by f(t).
7
Let o be (4 - 3/1)*-2. Let b be 3*(12/(-9))/2. What is the remainder when o/b*312/6 is divided by 18?
16
Suppose -70 = -5*c - 0*c + 5*k, 3*c - 36 = 5*k. Suppose -7*n + 2*n + 75 = 0. Calculate the remainder when c is divided by 6/n - (-56)/10.
5
Let q(b) = -9*b + 0 + 2*b - 2 - 3 - b**2. What is the remainder when q(-4) is divided by 3?
1
Suppose -13 = 5*a + 22. Let t = a + 9. Suppose 67 = t*u - b, u - 3*b = 2*u - 16. Calculate the remainder when u is divided by 11.
9
Let d(y) be the second derivative of -3*y**5/4 + y**3/6 - 2*y. Calculate the remainder when -18*(-6)/4 - 0 is divided by d(-1).
13
Let t = 52 - 36. Let z be (240/(-18))/(2/(-24)). Let g = z + -114. What is the remainder when g is divided by t?
14
Let m be 5 + ((-3)/(-3) - 3). What is the remainder when 15 is divided by (2 - 14)*(-2)/m?
7
Let h(t) = t**3 - 8*t**2 + 8*t + 3. Calculate the remainder when 18 is divided by h(7).
8
Let r = 0 - -7. Let l = r + -5. Calculate the remainder when 6/((-6)/(-9)*3) is divided by l.
1
Suppose -a - 2*a = -3*k + 99, 2*k = a + 68. Calculate the remainder when k is divided by 13.
9
Let t be 128/7 + (-4)/14. Let d = -13 + t. Suppose -4*i = 4*q - 72, 4*i - d = 7. What is the remainder when 43 is divided by q?
13
Suppose 4*a + 37 = 313. What is the remainder when a is divided by 24?
21
Suppose 3*f - 43 = -10. Let o(p) = p - 1. Let i be o(4). Calculate the remainder when f is divided by 1/(i/(-18)*-1).
5
Suppose -4*a + 5 + 15 = 2*i, i - 2*a = 6. Calculate the remainder when 15 is divided by i.
7
Suppose -52 = -3*s - s. What is the remainder when 63 is divided by s?
11
What is the remainder when (-2)/((-1)/(-3)*3) - -42 is divided by 15?
10
Suppose 85 = 2*h + b, -4*h + 2*h = 2*b - 80. Suppose -5 = -s + 7. Calculate the remainder when h is divided by s.
9
Suppose 2*m - 25 = -9. Suppose -4*q = q - 105. What is the remainder when q is divided by m?
5
Suppose 3*v - 202 = -4*a, -4*a - 72 - 98 = -3*v. Suppose v = -0*q + 2*q. Calculate the remainder when 59 is divided by q.
28
Suppose -11*z + 77 = -0. What is the remainder when 12 is divided by z?
5
Suppose 6 + 22 = 4*d. Suppose 3 = -2*j + 1, 34 = 3*p + 5*j. Calculate the remainder when p is divided by d.
6
Let x = 5 + -2. Suppose 4*m - x*m - 30 = 0. What is the remainder when m is divided by 16?
14
Suppose 0 = 2*u + z - 56, 38 = u - 2*z - 0*z. Calculate the remainder when u is divided by 11.
8
Let d = -136 + 144. Calculate the remainder when 78 is divided by d.
6
Suppose 45 = 5*a + n, 7*n - 3*n = 0. Suppose 2*r = 3*r - 4. Suppose 5*t - 4*t = -g + 4, t - a = r*g. What is the remainder when 9 is divided by t?
4
Let c be ((-28 - -2)/2)/(-1). Suppose -3*s = -65 - c. Calculate the remainder when s is divided by 7.
5
Calculate the remainder when 11 is divided by (1/(-4))/(2/(-24)).
2
Calculate the remainder when 46 is divided by 28 - ((-3)/(-5))/((-5)/(-25)).
21
Suppose -3*q - 113 = 25. Let s = q + 80. Let v = -75 - -93. Calculate the remainder when s is divided by v.
16
Suppose u + 4*h = -4, -4*h = 5*u - 2*h - 52. What is the remainder when 35 is divided by u?
11
Let v = -18 - -52. Let u = 18 + -22. Let j = v + u. Calculate the remainder when j is divided by 16.
14
Suppose 14*d - 87 = 109. Suppose -3*i + 52 = -7*i + 4*u, 38 = -5*i - 4*u. What is the remainder when d is divided by 4/i - 84/(-10)?
6
Let f = -7 - -11. Let y(b) = -f*b + 7*b**2 + 0*b - b**2 + 2 + 8*b**2. Calculate the remainder when y(2) is divided by 17.
16
Let u(w) = -2*w + 2 - 4*w + 0. What is the remainder when u(-5) is divided by 11?
10
Suppose 25 + 7 = 2*x + 3*j, 5*j = x + 10. Let h = 39 + -12. Calculate the remainder when h is divided by x.
7
Suppose 3*p = 25 + 17. Suppose p*x = 19*x - 140. What is the remainder when x is divided by 15?
13
Let a = -4 + 16. Suppose 0 = -n + k + 50, 3*n - 3*k - 104 = n. Calculate the remainder when n is divided by a.
10
Let i = 64 - 33. Let y = -52 - -60. What is the remainder when i is divided by y?
7
Let q be (-2)/(-8) + 6/8. Let s = q + 1. Let m = -6 + 9. What is the remainder when m is divided by s?
1
Let u(b) = b**2 + 10*b + 1. Let k(t) = t**2 + 11*t. Let o(f) = 4*k(f) - 5*u(f). Calculate the remainder when 11 is divided by o(-4).
2
Let j = -11 + 15. Suppose -j*g = -5*w - 0*w + 52, 8 = 4*g. Let q(n) = 5*n - 3. What is the remainder when q(5) is divided by w?
10
Let c = 0 + 14. What is the remainder when c is divided by 20/6*9/6?
4
Suppose 4*m + 24 = 4*w, 3*w - 4 = -3*m + 2. Suppose -6*f + w*f + 8 = 0. What is the remainder when 14 is divided by f?
2
Suppose 0 = -5*k - 5*f - 4 + 34, -f = 0. Let v = -1 + k. Suppose 0*l = 2*l - 5*w - v, -3*l = -4*w - 11. What is the remainder when 8 is divided by l?
3
What is the remainder when 264 is divided by ((-228)/8)/(12/(-16))?
36
Let i = 6 + -4. Suppose i*a - 6 = 6. What is the remainder when a is divided by 3?
0
Let d(v) = -v - 4. Let u be d(-5). What is the remainder when 8 - (-1 - (u - 0)) is divided by 3?
1
Suppose -q - 44 - 70 = 0. Let t be q/(-9) - 4/6. Suppose -3*k + 87 = -t. What is the remainder when k is divided by 17?
16
Let k(x) = -43*x**3 - 2*x**2 + 1. Let p(m) = -m**3 - 5*m**2 + 7*m + 5. Let c be p(-6). What is the remainder when k(c) is divided by 22?
20
What is the remainder when 4 - 216/(3 + -6) is divided by 6?
4
Suppose q - 26 = -q. Suppose 5*k - q = -5*h + 72, -h - 1 = 0. Calculate the remainder when k is divided by 10.
8
Let c(i) = -i**3 + 12*i**2 + 17*i - 14. What is the remainder when c(13) is divided by 20?
18
Suppose 0*a - d - 52 = -4*a, 0 = -4*a - 2*d + 52. Suppose 8*z + 7*z - 60 = 0. What is the remainder when a is divided by z?
1
Let t = 25 + -36. Let j = t + 16. Suppose -36 - 9 = -j*f. Calculate the remainder when 25 is divided by f.
7
Let b(p) = 3*p + 4. Let a be b(5). Suppose 0 = -3*j + 4*n + 1 + 58, 3*j + 4*n = a. Calculate the remainder when (-331)/(-9) - 2/(-9) is divided by j.
11
Let i be ((-3)/(-2))/((-3)/42). Let v = 9 - i. Calculate the remainder when v is divided by 8.
6
Suppose 0 = 3*u + 5*o + 13, 5*u - 2 + 3 = 2*o. Calculate the remainder when ((-1)/u)/(3/42) is divided by 8.
6
Let c = -28 - -61. Let n = 37 - c. Let d = 30 + -17. Calculate the remainder when d is divided by n.
1
Suppose -n + 3*j = 4*n + 16, -10 = 4*n - j. Let r(h) = -2*h**3 - 2*h**2 - 3*h - 1. What is the remainder when 24 is divided by r(n)?
11
Suppose 4*i - 41 = -i - f, 3*i - f = 31. What is the remainder when 25 is divided by i?
7
Let i = 3 + 12. Let q = i + 28. Calculate the remainder when q is divided by 15.
13
Let f(z) be the second derivative of z**3/3 + 3*z**2/2 + 8*z. Let l = 8 - 5. Calculate the remainder when f(l) is divided by 6.
3
Suppose -2*y = y - 5*h, -5*y = -3*h. Suppose 5*v + 5 = -y, 223 = 3*r - 4*v. Let m = -42 + r. What is the remainder when m is divided by 11?
9
Let u(j) = -2*j - 2. Let g be u(-2). Let b = g + 4. Calculate the remainder when b is divided by 4.
2
Suppose 5*f = -4*w + 72, 2*f - 26 = 3*w - 80. Suppose -5*m - 2*o + 23 = 0, -3*o + 3 - 31 = -5*m. Calculate the remainder when w is divided by m.
3
Suppose -g + 8 = -0. Let o = g - -2. Let h = 19 + 0. Calculate the remainder when h is divided by o.
9
Calculate the remainder when 14 - (-2 - (2 - 5)) is divi